 ((-88)/6)/(2/(g - 7)). Let c = m - 29. Calculate the remainder when 132 is divided by c.
12
Suppose -34*z + 9*z + 8450 = z. Calculate the remainder when z is divided by 25.
0
Let r = -1741 + 2668. What is the remainder when r is divided by 11?
3
Let q = 346 + 177. Suppose -4*s + q = 203. What is the remainder when s is divided by 25?
5
Suppose -28 = -16*y + 84. Let b(f) = -f**3 - 8*f**2 - 2*f - 5. Let q be 12/30 - (-42)/(-5). What is the remainder when b(q) is divided by y?
4
Let o(t) = 213*t + 2363. What is the remainder when o(-7) is divided by 3?
2
Suppose 0 = -2*v + 6*v. Suppose v = -3*z + 2 + 7. Suppose 10*n - 6*n - f = 11, -f + 21 = 4*n. Calculate the remainder when n is divided by z.
1
Let k = 1 + 1. Suppose 5*g + 5 + 3 = v, -2*v = g - 5. Suppose k*y = v*y - 81. Calculate the remainder when y is divided by 28.
25
Suppose 4*y - z = -0*z + 144, -4*z + 201 = 5*y. Suppose -d + 0*d + y = 0. Calculate the remainder when 68 is divided by d.
31
Let h(y) = 4*y**2 + 2*y + 3. Let j be 7 - (2 - 5)*-1. Suppose 5*t = 2*v + 278, 124 = 2*t - 8*v + j*v. Calculate the remainder when h(6) is divided by t.
51
Let o(c) = 31*c**2 - 6*c - 2. Let h be o(-2). Suppose h - 1259 = -25*q. What is the remainder when q is divided by 12?
9
Let o(j) = 17*j + 118. Let u(f) = 3*f**3 - 31*f**2 - 23*f + 5. Let s be u(11). What is the remainder when 29 is divided by o(s)?
13
Calculate the remainder when 300 is divided by (-28)/8*6264/(-203).
84
Let p(f) = f**2 + 14*f + 14. Let c be 3*(2 + (-185)/15). Let r = -25 - c. What is the remainder when p(-14) is divided by r?
2
Suppose 4*q - 2099 = 677. Calculate the remainder when q is divided by 35.
29
Suppose -1049 = -13*h - 919. What is the remainder when 1367 is divided by h?
7
Calculate the remainder when 3 - -2 - ((-8092)/85 + 36/(-45)) is divided by 1 + 33 + 1 + 0.
31
Let r(u) = -6*u + 4. Let x be 63/(-2*(-6)/12). Suppose 0 = -11*s + 14*s - x. Calculate the remainder when r(-6) is divided by s.
19
Let n be 0 + (2*(-12)/8 - -2). Let y(z) = -8*z - 8. Let s be y(n). Suppose -4*u - 3*u + 28 = s. What is the remainder when 27 is divided by u?
3
Let g(i) = -2*i - 59. Let n(x) = 10*x + 355. Let a(l) = -25*g(l) - 4*n(l). Calculate the remainder when a(-4) is divided by 6.
3
Let a(n) = -500*n + 1578. Calculate the remainder when 8500 is divided by a(3).
76
Let l = 6337 - 6310. Suppose 4*h - 8*h + 508 = 0. Calculate the remainder when 5 + h - (1 - 1) is divided by l.
24
Let o = -21164 + 21219. What is the remainder when (-3 - -31)*(-23)/(-4) is divided by o?
51
Suppose -14*i = -12*i + 34. Let l(p) = -p**3 - 17*p**2 + 54. Calculate the remainder when 54 is divided by l(i).
0
Let z(g) = -7*g - 39. Let k = -10 - -4. Let y be z(k). Suppose -4*v = -4*i + 416, y*i - 4*i = -2*v - 103. What is the remainder when i is divided by 53?
52
Suppose 3*x - 2 = 58. Let g = 1142 + -557. Suppose -53 = 7*h - g. What is the remainder when h is divided by x?
16
Let f = -254 - -404. Let t(o) = 19*o + 12. Let i(a) = -5*a + 1. Let z(d) = 5*i(d) + t(d). What is the remainder when f is divided by z(0)?
14
Calculate the remainder when 445/((3 + (-44)/12)/(2/(-3))) is divided by 28.
25
Let u(m) = -5*m**2 + 7*m**2 + 10*m + 8*m - 36 - 3*m**2. Calculate the remainder when 17 is divided by u(15).
8
Suppose 0 = 49*b - 51*b - 5*a + 13049, 0 = -3*b + 5*a + 19611. Calculate the remainder when b is divided by 38.
34
Let u(o) = 2*o + 390. Calculate the remainder when u(-56) is divided by 75.
53
Let p = -22 + 30. Let f(l) = l**2 - 8*l + 1. Calculate the remainder when f(p) is divided by -3 - (-5 + (0 - -3) - 2).
0
Let v(o) = 3*o**2 + 26*o - 415. Suppose 0 = -3*x - 0*x + 417. What is the remainder when x is divided by v(-17)?
9
What is the remainder when (8/(-32) - (-11482)/8) + 4 is divided by 20?
19
Let f = 3038 + -2597. Calculate the remainder when f is divided by 17.
16
Let g = -609 + 895. Calculate the remainder when g is divided by (0 + -4)/(4/(-29)).
25
Suppose -5*d + 1027 = -3*f, -5*f - 617 = -3*d - 3*f. Let c(a) = 805*a - 4818. What is the remainder when d is divided by c(6)?
11
Let s = 17 + -8. Let p(a) = 24*a - 28. Let t(d) = d - 10. Let k be t(13). What is the remainder when p(k) is divided by s?
8
Suppose -10*h + 491 = -289. What is the remainder when h is divided by 24?
6
Let y = 18101 - 17591. What is the remainder when 1549 is divided by y?
19
Let p be 13*(-2 - 0)*(-3)/(-2). Calculate the remainder when (-4)/(-6)*(-18)/(-4) is divided by 6/15 + 3*p/(-45).
0
Let l(j) = -18*j - 1. Let u = -72056 - -72142. What is the remainder when u is divided by l(-2)?
16
Suppose -o + 143 = -3*w, 27 = -2*w + 15. Calculate the remainder when 654 is divided by o.
29
Suppose 4*p + 2*w - 155 = 79, -5*p = 2*w - 294. Let l be p/6*3/(-3). What is the remainder when (4/l)/(6/(-690)) is divided by 16?
14
Let j(w) = w**3 - 3*w**2 - 3*w + 4. Let b be j(6). Suppose -97*s + b*s + 57 = 0. What is the remainder when 30 is divided by s?
11
Suppose 47 - 30 = g + 3*j, 9 = g - 5*j. Let d(s) = -41*s**3 + s - 3. Let z be d(3). Calculate the remainder when z/(-21) - 4/(-14) is divided by g.
11
Let v = -15077 + 15138. Calculate the remainder when 935 is divided by v.
20
Suppose -31 = -3*g - 2*q, 4*g = -0*g - q + 43. Let j(b) = -4*b**3 - 39*b**2 - 27*b + 6. Calculate the remainder when g is divided by j(-9).
5
Let c = -11813 - -11930. What is the remainder when 262 is divided by c?
28
Let x = 5667 - 5656. Calculate the remainder when 60 is divided by x.
5
Let p(r) = 2*r**2 + 10*r - 9. Let z be -1 + (2 - 19 - -2). Let j be (z/24)/(2/27). Calculate the remainder when p(j) is divided by 11.
8
Let i = 15955 - 15928. Let a = 83 - -47. Calculate the remainder when a is divided by i.
22
Suppose 6 = j + 2*c, 5*j - 47 + 24 = -3*c. Suppose -3*d + 5*d - 520 = -4*t, -647 = -5*t - j*d. What is the remainder when t is divided by 67?
64
Suppose 4 = -4*d + 12. Suppose -3*b = -d*f + 234, -f + 4*b = -3*f + 220. What is the remainder when f is divided by 3?
0
Let j(z) = 2*z**2 - 10*z - 178. Calculate the remainder when 138 is divided by j(14).
64
Let q = -11807 - -24637. What is the remainder when q is divided by 207?
203
Let h be (15/(-3) + -28)*(-1)/1. Suppose -11 + h = -2*j. What is the remainder when 139 is divided by 30/(-165) - 222/j?
19
Let i(s) = -1559*s**2 - 2*s**3 + 1549*s**2 - 36 + 0*s**3 - 12*s. Let o(z) = z**3 - 4*z**2 + z + 7. What is the remainder when i(-6) is divided by o(5)?
34
Let w = 93 + -61. Let k be (-2)/12 + (-3153)/(-18). Let p = k - w. Calculate the remainder when p is divided by 36.
35
Let g = -621 + 900. Suppose -5*m = 5*d - 265, 0 = 4*m + 2*d + 69 - g. Calculate the remainder when m is divided by -2 + 31 + 0 - 2.
25
Let m(k) be the third derivative of -k**6/120 + k**5/4 + k**4 + 25*k**3/6 - 26*k**2 + 3*k. Calculate the remainder when m(16) is divided by 11.
10
Suppose 21695 = -135*n + 36275. Suppose z + z = -c + 115, 0 = 5*z + 5*c - 295. Let l = z + -28. What is the remainder when n is divided by l?
24
Let b(l) = -5*l**3 + 4*l**2 + 8*l - 7. Let d be b(-3). Suppose -18 = -g - c, 4*c - 9*c = -5*g + d. What is the remainder when 269 is divided by g?
16
Let b(o) = -4*o**2 - 35*o - 271. Let q(m) = -m**2 - 11*m - 91. Let p(i) = -3*b(i) + 10*q(i). Calculate the remainder when p(-9) is divided by 16.
14
Let l be ((-46)/92)/((-2)/8). What is the remainder when 13 is divided by ((-9)/l)/(8 - 119/14)?
4
What is the remainder when 58 is divided by (1*4*(-1 - 5))/(-1)?
10
Suppose 4*f = -3*x + 15, -5 = -5*f - 0*f - x. Suppose -2*c = -5*l - 3*c + 54, f = -2*l + c + 16. What is the remainder when 25 is divided by l?
5
Let w = 3818 + -3736. What is the remainder when 3268 is divided by w?
70
Suppose -4*r + c + 32 = -84, 2*c + 145 = 5*r. Calculate the remainder when (5 - -1 - -1)*8 is divided by r.
27
Suppose -5*s + 1106 + 1558 = 13*s. Calculate the remainder when s is divided by 15.
13
Let l = -114455 + 114516. Let u = 24 + -11. What is the remainder when l is divided by u?
9
Suppose -46*z + 221 = -41*z - 219. Calculate the remainder when 336 is divided by z.
72
Let j(v) = -24*v - 17. Let k be (-1)/((2/142)/(-1)). Suppose 0 = -3*q - 20 + k. What is the remainder when j(-2) is divided by q?
14
Let f(p) = 17*p**2 + 5*p + 7. Let a be f(4). Suppose 0*j = -13*j + a. Calculate the remainder when 61 is divi